w - 8. Let i be s(6). Suppose 0 = -5*u + 4*q - i, 4*u + q = 3*q - 8. What are the prime factors of 1/(u + 10/4)?
2
Let s = -29 - -43. List the prime factors of s.
2, 7
List the prime factors of 1/1*-2 - 292/(-2).
2, 3
List the prime factors of (1 - 1 - 1)/(1/(-59)).
59
Suppose 69 = 3*g - 3. Suppose -7*o = -3*o - g. What are the prime factors of o?
2, 3
Let w be (-19 + 1)*(-16)/12. What are the prime factors of 1 + (w - (2 - 1))?
2, 3
Let o(v) be the third derivative of v**6/120 - 2*v**2. Let n(a) = -3*a**3 - 4*a**2 - 6*a + 1. Let z(d) = -n(d) - 4*o(d). List the prime factors of z(5).
2
Let z(a) = 2*a**2 + 3*a - 7. What are the prime factors of z(5)?
2, 29
Let p = -5 - -1. Let j = 7 + p. Suppose -2*x + 30 = -j*s, -x - 3*x + 76 = -2*s. List the prime factors of x.
3, 7
Suppose -15 = -0*v - 3*v + 3*u, -5*v = 5*u + 5. List the prime factors of 13/v - (-12)/8.
2
Let m = -61 - -88. Suppose -2*z + m = z. Suppose 0 = -g + z + 3. List the prime factors of g.
2, 3
Suppose 0 = 7*k - 12*k + 350. List the prime factors of k.
2, 5, 7
Let f(y) = -y**3 + 7*y**2 + 8. Let z be f(7). Let k(u) = u**2 + 4*u + 2. Let h be k(-2). Let o = z + h. What are the prime factors of o?
2, 3
Let r = -8 - -19. What are the prime factors of r?
11
Let l(j) = 2*j**3 - 9*j**2 - 2*j - 1. What are the prime factors of l(5)?
2, 7
Let a = 10 + -6. What are the prime factors of 10/4 + (-2)/a?
2
Let l = -1 - -9. Let m = 29 - l. What are the prime factors of m?
3, 7
Let q = 65 + -20. What are the prime factors of q?
3, 5
What are the prime factors of (-65)/1*(-2)/2?
5, 13
Let l = 8 + -8. Let n be (-168)/7 + (l - -1). Let x = n + 38. List the prime factors of x.
3, 5
Suppose -2*c = -0 - 12. Let g = c - -11. List the prime factors of g.
17
Let c be (-2)/5 + (-54)/15. Let s(z) be the third derivative of -z**4/6 + z**3/3 + 6*z**2. List the prime factors of s(c).
2, 3
Let o(x) = -x**3 - 12*x**2 - 2*x + 8. Let w be o(-12). Suppose -3*n - 4*c + 93 = c, -n = 2*c - w. List the prime factors of n.
2, 13
Let u be ((-1)/2)/(1/(-2)). Let d = 21 - u. List the prime factors of d.
2, 5
Let u(t) = 3*t - 3. Let x(j) = -7*j**2 - 7*j + 4. Let b(o) = 6*o**2 + 7*o - 4. Let f(h) = 6*b(h) + 5*x(h). Let g be f(-8). List the prime factors of u(g).
3
Suppose y = -r - 32 - 57, 4*y - 2*r + 332 = 0. Let c = -36 - y. What are the prime factors of c?
7
Suppose -2*u = 3*u - 20. Suppose -u*q = -2 - 10. What are the prime factors of (-3)/((-15)/4 + q)?
2
Suppose 5*c - 44 = -a, 4*c - 6*c = -2*a + 40. List the prime factors of a.
2, 3
Let d = 40 + 51. What are the prime factors of d/14 + (-3)/2?
5
Suppose 0 = -3*i - 114 - 111. Let h = -44 - i. Let b = h + -17. What are the prime factors of b?
2, 7
Let h(s) = -s**3 - 8*s**2 - 7*s - 2. Let g(t) = t**3 - 6*t**2 - 2*t + 5. Let k be g(6). Let n be h(k). Let r = 0 - n. List the prime factors of r.
2
List the prime factors of ((-5 - 2) + 1)*-1.
2, 3
Let q(t) = 51*t**2. Let c be q(1). Suppose 4*r = -3*v + c, -r + 4*v = -v + 16. What are the prime factors of r?
3
Suppose 5*w = -0*y + 2*y, -3*y + 3*w + 9 = 0. Let k(s) = -4*s**3 - 3*s + 6*s**2 + y*s**3 + 1 - 5*s. What are the prime factors of k(-7)?
2
Let l(h) = -2*h + 1. Let c be l(-1). Suppose -c*x - 3 = -4*p, -x = 3*p - 4*x. Suppose f = -3*q - 4 + 29, -p*q = -3*f + 15. What are the prime factors of f?
2, 5
Suppose -5*r + 0*r = -3*w - 262, 0 = -5*r - 4*w + 234. List the prime factors of r.
2, 5
Let o = -19 - -46. List the prime factors of o.
3
Let z = -26 - -14. Let q = z - -18. Suppose 2 = -b + q. List the prime factors of b.
2
Suppose -2*w - 1 = -3, -2*t - 4*w = -112. What are the prime factors of t?
2, 3
Let l(c) = c**2 + 4*c - 3. Let b be l(2). Let u = b + -3. What are the prime factors of u?
2, 3
Suppose 3*u = r + r + 77, -20 = -u - 5*r. Let g = u - 8. What are the prime factors of 1/(g/(-9) - -2)?
3
Suppose -2*r = r - 4*u, -r = -5*u. Suppose r = g - 3*t - 35, -3*g = -7*g + 2*t + 110. Suppose -5*x + g = -24. List the prime factors of x.
2, 5
Suppose 0 = 5*j - 33 - 62. Let u = j - 14. What are the prime factors of u?
5
Let h(p) = p**3 + 4*p**2 + p. Let y be h(-4). Let g(c) be the third derivative of -c**5/60 - c**4/6 + c**3/2 + c**2. What are the prime factors of g(y)?
3
Let j(l) = 5*l - 9. List the prime factors of j(9).
2, 3
Suppose 2*m + 15 = 7*m. Suppose -t + m = -2*t, 3*y = -2*t - 72. Let s = 36 + y. List the prime factors of s.
2, 7
Let z = -3 + -1. Let d(h) = -5*h - 6. Let s be d(z). Suppose s = -4*x + 46. What are the prime factors of x?
2
Suppose -2*k = k - 48. Let c be (-9)/3*k/(-6). Let p = c + -4. List the prime factors of p.
2
Suppose 5*r - 16 = -6. Let g(k) = 2*k**3 - 2*k**2 + k - 1. List the prime factors of g(r).
3
Let g = 10 + -15. List the prime factors of 6/g*(-120)/16.
3
Let d(h) = 5*h**2 + 2*h. Let c be d(-2). Suppose -2*f + 12 = -j, 40 = 5*f + 4*j - c. What are the prime factors of f?
2
Let k = -175 - -252. What are the prime factors of k?
7, 11
Suppose 3*x + 4*v + 14 = 0, 5*v - 4*v = -4*x + 3. Suppose -5*u = -3*t + 22, 0*u = -2*u + x. List the prime factors of t.
3
List the prime factors of (-3)/5 + (-834)/(-15).
5, 11
Suppose 5*s + 3*u - 873 = 0, -4*s - 5*u - 365 + 1053 = 0. What are the prime factors of s?
3, 59
Suppose 2*j = -5*d - 3 + 19, 0 = -4*d + j + 5. Suppose d*v = -3*x - v + 78, -2*x = -4*v - 22. List the prime factors of x.
3, 7
Let a = -621 + 973. List the prime factors of a.
2, 11
Let r = 51 - 31. List the prime factors of r.
2, 5
Suppose -34 + 128 = 2*f. List the prime factors of f.
47
List the prime factors of (-4)/(48/(-321)) - 9/12.
2, 13
Suppose -3*b = -4*d - 8, 15 = 3*b + 5*d - 2. Suppose -3*l = b*p - 22, 2*l + l + 2*p = 14. What are the prime factors of 14*1/(4 - l)?
7
Let s = -9 + 24. Let u = s - 6. What are the prime factors of u?
3
Let o be 4 + 1*(-1 + 0). Let v(m) = m + 12. Let c be v(-5). Let f = c - o. List the prime factors of f.
2
Let t(g) = -g**2 + 4*g. Let y be t(4). Suppose -x = -1 - y. What are the prime factors of 5 + -2*x + 2?
5
List the prime factors of 198/(-15)*(-165)/6.
3, 11
Suppose 0*b - b + 66 = 0. Let j = -6 - -7. Suppose -5*q - j = -b. What are the prime factors of q?
13
Suppose 0*r + w + 2 = -3*r, -3*r + 4*w = 22. Let t be 0 + (r - (-71 - 1)). Suppose -6*x + x + t = 0. What are the prime factors of x?
2, 7
Let q(i) = 7*i**2 + i. Suppose 2*p - 4 = -2*j, 0 = 4*p - 2*p - 3*j + 1. Let d be q(p). List the prime factors of 4/d*(1 - -13).
7
List the prime factors of 81/3*(-1 - -2).
3
Suppose y = -4*z - 0*y - 8, -5*y + 8 = 4*z. What are the prime factors of (-13)/(-2*z/(-12))?
2, 13
Let d(y) = y - 7. Let x be d(11). Suppose -2*w - 3*p = -29, 0 = x*w - 0*p + 2*p - 78. List the prime factors of w.
2, 11
Let g(p) = 6*p + 8. List the prime factors of g(10).
2, 17
Let r(x) be the first derivative of x**4/4 + 2*x**3/3 - 5*x**2/2 - 2*x - 2. List the prime factors of r(-3).
2
Let l(g) = g**3 + 5*g**2 + 3*g + 6. Let y be l(-5). Let q = 13 + y. Suppose 6*j - 4*j + 4*w - 24 = 0, 0 = -2*w + q. List the prime factors of j.
2
Let p be (-4)/(-22) - (-332)/(-11). Let r = 42 + p. What are the prime factors of r?
2, 3
What are the prime factors of ((-3)/(-3) - 2/(-1))*15?
3, 5
Let a(h) be the third derivative of -h**6/120 + h**5/12 + 3*h**4/8 - h**3 + 3*h**2. List the prime factors of a(6).
2, 3
Let j(a) = a + 2. Let f be j(11). Let m = 28 - f. List the prime factors of m.
3, 5
Let j = -35 + 45. List the prime factors of j.
2, 5
Let x(q) = 5*q + 17. Let n(i) = 11*i + 34. Let c(p) = -6*n(p) + 13*x(p). List the prime factors of c(0).
17
Let p(z) = 4*z**3 - 6*z**2 - 4*z + 1. What are the prime factors of p(3)?
43
Let w be 2*92/(-8)*-1. Suppose -4*c + 127 = w. What are the prime factors of c?
2, 13
Suppose 6*n - 69 - 69 = 0. List the prime factors of n.
23
Let o be (6/(-4))/((-3)/64). Suppose -o = -5*v + 8. What are the prime factors of v?
2
Suppose -3*g + 3*v = 2*g - 45, 0 = -5*v - 25. Let y = 13 - g. What are the prime factors of y?
7
Suppose 5*h + 272 = 3*d, -4*d + 2*h + 328 = 4*h. List the prime factors of d.
2, 3, 7
Let s = -1 + 1. Suppose -4*h - c + 14 = -s*h, 0 = 5*h + c - 17. List the prime factors of h.
3
Let f(v) = -6*v. List the prime factors of f(-5).
2, 3, 5
Let s = 1 + 34. Let a = s + -14. List the prime factors of a.
3, 7
Suppose 50 + 12 = -2*z + s, 5*z + 145 = 5*s. What a